{"id":1818,"date":"2024-06-19T04:59:08","date_gmt":"2024-06-19T04:59:08","guid":{"rendered":"https:\/\/annaf.com.br\/site\/?page_id=1818"},"modified":"2024-07-23T14:55:00","modified_gmt":"2024-07-23T14:55:00","slug":"o-grupo","status":"publish","type":"page","link":"https:\/\/usina360.com\/site\/o-grupo\/","title":{"rendered":"O grupo"},"content":{"rendered":"\t\t<div data-elementor-type=\"wp-page\" data-elementor-id=\"1818\" class=\"elementor elementor-1818\" data-elementor-post-type=\"page\">\n\t\t\t\t<div class=\"elementor-element elementor-element-0d4b8f2 e-con-full e-flex wpr-particle-no wpr-jarallax-no wpr-parallax-no wpr-sticky-section-no e-con e-parent\" data-id=\"0d4b8f2\" data-element_type=\"container\">\n\t\t<div class=\"elementor-element elementor-element-434e2ed e-con-full e-flex wpr-particle-no wpr-jarallax-no wpr-parallax-no wpr-sticky-section-no e-con e-child\" data-id=\"434e2ed\" data-element_type=\"container\">\n\t\t<div class=\"elementor-element elementor-element-e02b5dc e-con-full e-flex wpr-particle-no wpr-jarallax-no wpr-parallax-no wpr-sticky-section-no e-con e-child\" data-id=\"e02b5dc\" data-element_type=\"container\">\n\t\t\t\t<div class=\"elementor-element elementor-element-14fcb1a elementor-widget elementor-widget-heading\" data-id=\"14fcb1a\" data-element_type=\"widget\" data-widget_type=\"heading.default\">\n\t\t\t\t<div class=\"elementor-widget-container\">\n\t\t\t\t\t<h2 class=\"elementor-heading-title elementor-size-default\">o grupo <br>usina 360<\/h2>\t\t\t\t<\/div>\n\t\t\t\t<\/div>\n\t\t\t\t<div class=\"elementor-element elementor-element-99a44ed elementor-widget elementor-widget-text-editor\" data-id=\"99a44ed\" data-element_type=\"widget\" data-widget_type=\"text-editor.default\">\n\t\t\t\t<div class=\"elementor-widget-container\">\n\t\t\t\t\t\t\t\t\t<p>Aqui o desafio \u00e9 transformar metas em resultados, sonhos em realidade, ideias em projetos, possibilidades em solu\u00e7\u00f5es e transformar nossos projetos em eventos inesquec\u00edveis. Acreditamos que a melhor ferramenta \u00e9 a converg\u00eancia de esfor\u00e7os, de est\u00edmulos, de conhecimento e de experi\u00eancias. Os eventos s\u00e3o impec\u00e1veis porque h\u00e1 um time incr\u00edvel e multidisciplinar, pessoas envolvidas e comprometidas com os resultados.<\/p><p>Com 16 anos de experi\u00eancia apresentamos solu\u00e7\u00f5es customizadas, criativas e inovadoras, capazes de entender seus objetivos e expectativas e atender com dedica\u00e7\u00e3o e profissionalismo a cada caso (job).<\/p><p>S\u00e3o mais de 500 clientes, com mais de 1000 hist\u00f3rias de sucesso para contar.<\/p><p>Orgulhamos de tudo que constru\u00edmos junto com nossos clientes e parceiros, mas queremos continuar aprendendo e empreendendo muito mais.<\/p><p>Queremos voc\u00ea tamb\u00e9m ao nosso lado, teremos orgulho em produzir seu evento, conceber novos projetos com voc\u00ea e gerar novos neg\u00f3cios juntos. Garantimos um trabalho com muita paix\u00e3o e coroado de \u00eaxitos.<\/p><p>O compromisso \u00e9 IMPACTAR seus convidados e trazer solu\u00e7\u00f5es assertivas para seu neg\u00f3cio. Somos uma ag\u00eancia movida a desafios e boas energias e queremos surpreender voc\u00eas e conquistar seus consumidores. Convido voc\u00ea a conhecer a Usina para que juntos possamos pensar e criar estrat\u00e9gias de comunica\u00e7\u00e3o, marketing e eventos para sua marca.<\/p><p>Aqui, eventos s\u00e3o chamados SUCESSO!<\/p>\t\t\t\t\t\t\t\t<\/div>\n\t\t\t\t<\/div>\n\t\t\t\t<\/div>\n\t\t<div class=\"elementor-element elementor-element-b3f0b63 e-con-full e-flex wpr-particle-no wpr-jarallax-no wpr-parallax-no wpr-sticky-section-no e-con e-child\" data-id=\"b3f0b63\" data-element_type=\"container\" data-settings=\"{&quot;background_background&quot;:&quot;classic&quot;}\">\n\t\t<div class=\"elementor-element elementor-element-cf97bb1 e-con-full e-flex wpr-particle-no wpr-jarallax-no wpr-parallax-no wpr-sticky-section-no e-con e-child\" data-id=\"cf97bb1\" data-element_type=\"container\">\n\t\t<div class=\"elementor-element elementor-element-be41698 e-con-full e-flex wpr-particle-no wpr-jarallax-no wpr-parallax-no wpr-sticky-section-no e-con e-child\" data-id=\"be41698\" data-element_type=\"container\">\n\t\t<div class=\"elementor-element elementor-element-1f5a32d e-con-full e-flex wpr-particle-no wpr-jarallax-no wpr-parallax-no wpr-sticky-section-no e-con e-child\" data-id=\"1f5a32d\" data-element_type=\"container\" data-settings=\"{&quot;background_background&quot;:&quot;classic&quot;}\">\n\t\t\t\t<div class=\"elementor-element elementor-element-10f73b6 sobre-mim elementor-widget__width-initial elementor-widget elementor-widget-heading\" data-id=\"10f73b6\" data-element_type=\"widget\" data-widget_type=\"heading.default\">\n\t\t\t\t<div class=\"elementor-widget-container\">\n\t\t\t\t\t<h2 class=\"elementor-heading-title elementor-size-default\">Seu evento come\u00e7a aqui<\/h2>\t\t\t\t<\/div>\n\t\t\t\t<\/div>\n\t\t\t\t<\/div>\n\t\t<div class=\"elementor-element elementor-element-1d371a2 e-con-full e-flex wpr-particle-no wpr-jarallax-no wpr-parallax-no wpr-sticky-section-no e-con e-child\" data-id=\"1d371a2\" data-element_type=\"container\" data-settings=\"{&quot;background_background&quot;:&quot;classic&quot;}\">\n\t\t\t\t<div class=\"elementor-element elementor-element-35c9087 elementor-widget elementor-widget-image\" data-id=\"35c9087\" data-element_type=\"widget\" data-widget_type=\"image.default\">\n\t\t\t\t<div class=\"elementor-widget-container\">\n\t\t\t\t\t\t\t\t\t\t\t\t\t\t\t<img decoding=\"async\" width=\"73\" height=\"73\" src=\"https:\/\/usina360.com\/site\/wp-content\/uploads\/2024\/07\/circou-arrow.svg\" class=\"attachment-large size-large wp-image-2609\" alt=\"\" \/>\t\t\t\t\t\t\t\t\t\t\t\t\t\t\t<\/div>\n\t\t\t\t<\/div>\n\t\t\t\t<div class=\"elementor-element elementor-element-9ac7d56 elementor-widget__width-initial btn-link elementor-widget-mobile__width-initial elementor-widget elementor-widget-text-editor\" data-id=\"9ac7d56\" data-element_type=\"widget\" data-widget_type=\"text-editor.default\">\n\t\t\t\t<div class=\"elementor-widget-container\">\n\t\t\t\t\t\t\t\t\t<p><a href=\"https:\/\/wa.me\/\/5531982429453\" target=\"_blank\" rel=\"noopener\"><span style=\"text-decoration: underline;\"><strong>Clique aqui<\/strong><\/span><\/a> e converse com a gente<\/p>\t\t\t\t\t\t\t\t<\/div>\n\t\t\t\t<\/div>\n\t\t\t\t<\/div>\n\t\t\t\t<\/div>\n\t\t\t\t<\/div>\n\t\t\t\t<\/div>\n\t\t\t\t<\/div>\n\t\t\t\t<\/div>\n\t\t\t\t<\/div>\n\t\t","protected":false},"excerpt":{"rendered":"<p>o grupo usina 360 Aqui o desafio \u00e9 transformar metas em resultados, sonhos em realidade, ideias em projetos, possibilidades em solu\u00e7\u00f5es e transformar nossos projetos em eventos inesquec\u00edveis. Acreditamos que a melhor ferramenta \u00e9 a converg\u00eancia de esfor\u00e7os, de est\u00edmulos, de conhecimento e de experi\u00eancias. Os eventos s\u00e3o impec\u00e1veis porque h\u00e1 um time incr\u00edvel e multidisciplinar, pessoas envolvidas e comprometidas com os resultados. Com 16 anos de experi\u00eancia apresentamos solu\u00e7\u00f5es customizadas, criativas e inovadoras, capazes de entender seus objetivos e expectativas e atender com dedica\u00e7\u00e3o e profissionalismo a cada caso (job). S\u00e3o mais de 500 clientes, com mais de 1000 hist\u00f3rias de sucesso para contar. Orgulhamos de tudo que constru\u00edmos junto com nossos clientes e parceiros, mas queremos continuar aprendendo e empreendendo muito mais. Queremos voc\u00ea tamb\u00e9m ao nosso lado, teremos orgulho em produzir seu evento, conceber novos projetos com voc\u00ea e gerar novos neg\u00f3cios juntos. Garantimos um trabalho com muita paix\u00e3o e coroado de \u00eaxitos. O compromisso \u00e9 IMPACTAR seus convidados e trazer solu\u00e7\u00f5es assertivas para seu neg\u00f3cio. Somos uma ag\u00eancia movida a desafios e boas energias e queremos surpreender voc\u00eas e conquistar seus consumidores. Convido voc\u00ea a conhecer a Usina para que juntos possamos pensar e criar estrat\u00e9gias de comunica\u00e7\u00e3o, marketing e eventos para sua marca. Aqui, eventos s\u00e3o chamados SUCESSO! Seu evento come\u00e7a aqui Clique aqui e converse com a gente<\/p>\n","protected":false},"author":3,"featured_media":0,"parent":0,"menu_order":0,"comment_status":"closed","ping_status":"closed","template":"elementor_header_footer","meta":{"om_disable_all_campaigns":false,"_monsterinsights_skip_tracking":false,"_monsterinsights_sitenote_active":false,"_monsterinsights_sitenote_note":"","_monsterinsights_sitenote_category":0,"_uf_show_specific_survey":0,"_uf_disable_surveys":false,"footnotes":""},"class_list":["post-1818","page","type-page","status-publish","hentry"],"yoast_head":"<!-- This site is optimized with the Yoast SEO plugin v24.9 - https:\/\/yoast.com\/wordpress\/plugins\/seo\/ -->\n<title>O grupo - Usina 360<\/title>\n<meta name=\"robots\" content=\"index, follow, max-snippet:-1, max-image-preview:large, max-video-preview:-1\" \/>\n<link rel=\"canonical\" href=\"https:\/\/usina360.com\/site\/o-grupo\/\" \/>\n<meta property=\"og:locale\" content=\"pt_PT\" \/>\n<meta property=\"og:type\" content=\"article\" \/>\n<meta property=\"og:title\" content=\"O grupo - Usina 360\" \/>\n<meta property=\"og:description\" content=\"o grupo usina 360 Aqui o desafio \u00e9 transformar metas em resultados, sonhos em realidade, ideias em projetos, possibilidades em solu\u00e7\u00f5es e transformar nossos projetos em eventos inesquec\u00edveis. Acreditamos que a melhor ferramenta \u00e9 a converg\u00eancia de esfor\u00e7os, de est\u00edmulos, de conhecimento e de experi\u00eancias. Os eventos s\u00e3o impec\u00e1veis porque h\u00e1 um time incr\u00edvel e multidisciplinar, pessoas envolvidas e comprometidas com os resultados. Com 16 anos de experi\u00eancia apresentamos solu\u00e7\u00f5es customizadas, criativas e inovadoras, capazes de entender seus objetivos e expectativas e atender com dedica\u00e7\u00e3o e profissionalismo a cada caso (job). S\u00e3o mais de 500 clientes, com mais de 1000 hist\u00f3rias de sucesso para contar. Orgulhamos de tudo que constru\u00edmos junto com nossos clientes e parceiros, mas queremos continuar aprendendo e empreendendo muito mais. Queremos voc\u00ea tamb\u00e9m ao nosso lado, teremos orgulho em produzir seu evento, conceber novos projetos com voc\u00ea e gerar novos neg\u00f3cios juntos. Garantimos um trabalho com muita paix\u00e3o e coroado de \u00eaxitos. O compromisso \u00e9 IMPACTAR seus convidados e trazer solu\u00e7\u00f5es assertivas para seu neg\u00f3cio. Somos uma ag\u00eancia movida a desafios e boas energias e queremos surpreender voc\u00eas e conquistar seus consumidores. Convido voc\u00ea a conhecer a Usina para que juntos possamos pensar e criar estrat\u00e9gias de comunica\u00e7\u00e3o, marketing e eventos para sua marca. Aqui, eventos s\u00e3o chamados SUCESSO! Seu evento come\u00e7a aqui Clique aqui e converse com a gente\" \/>\n<meta property=\"og:url\" content=\"https:\/\/usina360.com\/site\/o-grupo\/\" \/>\n<meta property=\"og:site_name\" content=\"Usina 360\" \/>\n<meta property=\"article:modified_time\" content=\"2024-07-23T14:55:00+00:00\" \/>\n<meta property=\"og:image\" content=\"https:\/\/usina360.com\/site\/wp-content\/uploads\/2024\/07\/circou-arrow.svg\" \/>\n<meta name=\"twitter:card\" content=\"summary_large_image\" \/>\n<meta name=\"twitter:label1\" content=\"Tempo estimado de leitura\" \/>\n\t<meta name=\"twitter:data1\" content=\"2 minutos\" \/>\n<script type=\"application\/ld+json\" class=\"yoast-schema-graph\">{\"@context\":\"https:\/\/schema.org\",\"@graph\":[{\"@type\":\"WebPage\",\"@id\":\"https:\/\/usina360.com\/site\/o-grupo\/\",\"url\":\"https:\/\/usina360.com\/site\/o-grupo\/\",\"name\":\"O grupo - Usina 360\",\"isPartOf\":{\"@id\":\"https:\/\/usina360.com\/site\/#website\"},\"primaryImageOfPage\":{\"@id\":\"https:\/\/usina360.com\/site\/o-grupo\/#primaryimage\"},\"image\":{\"@id\":\"https:\/\/usina360.com\/site\/o-grupo\/#primaryimage\"},\"thumbnailUrl\":\"https:\/\/usina360.com\/site\/wp-content\/uploads\/2024\/07\/circou-arrow.svg\",\"datePublished\":\"2024-06-19T04:59:08+00:00\",\"dateModified\":\"2024-07-23T14:55:00+00:00\",\"breadcrumb\":{\"@id\":\"https:\/\/usina360.com\/site\/o-grupo\/#breadcrumb\"},\"inLanguage\":\"pt-PT\",\"potentialAction\":[{\"@type\":\"ReadAction\",\"target\":[\"https:\/\/usina360.com\/site\/o-grupo\/\"]}]},{\"@type\":\"ImageObject\",\"inLanguage\":\"pt-PT\",\"@id\":\"https:\/\/usina360.com\/site\/o-grupo\/#primaryimage\",\"url\":\"https:\/\/usina360.com\/site\/wp-content\/uploads\/2024\/07\/circou-arrow.svg\",\"contentUrl\":\"https:\/\/usina360.com\/site\/wp-content\/uploads\/2024\/07\/circou-arrow.svg\",\"width\":73,\"height\":73},{\"@type\":\"BreadcrumbList\",\"@id\":\"https:\/\/usina360.com\/site\/o-grupo\/#breadcrumb\",\"itemListElement\":[{\"@type\":\"ListItem\",\"position\":1,\"name\":\"In\u00edcio\",\"item\":\"https:\/\/usina360.com\/site\/\"},{\"@type\":\"ListItem\",\"position\":2,\"name\":\"O grupo\"}]},{\"@type\":\"WebSite\",\"@id\":\"https:\/\/usina360.com\/site\/#website\",\"url\":\"https:\/\/usina360.com\/site\/\",\"name\":\"Usina 360\",\"description\":\"Usina 360 - Ideias em conex\u00e3o\",\"potentialAction\":[{\"@type\":\"SearchAction\",\"target\":{\"@type\":\"EntryPoint\",\"urlTemplate\":\"https:\/\/usina360.com\/site\/?s={search_term_string}\"},\"query-input\":{\"@type\":\"PropertyValueSpecification\",\"valueRequired\":true,\"valueName\":\"search_term_string\"}}],\"inLanguage\":\"pt-PT\"}]}<\/script>\n<!-- \/ Yoast SEO plugin. -->","yoast_head_json":{"title":"O grupo - Usina 360","robots":{"index":"index","follow":"follow","max-snippet":"max-snippet:-1","max-image-preview":"max-image-preview:large","max-video-preview":"max-video-preview:-1"},"canonical":"https:\/\/usina360.com\/site\/o-grupo\/","og_locale":"pt_PT","og_type":"article","og_title":"O grupo - Usina 360","og_description":"o grupo usina 360 Aqui o desafio \u00e9 transformar metas em resultados, sonhos em realidade, ideias em projetos, possibilidades em solu\u00e7\u00f5es e transformar nossos projetos em eventos inesquec\u00edveis. Acreditamos que a melhor ferramenta \u00e9 a converg\u00eancia de esfor\u00e7os, de est\u00edmulos, de conhecimento e de experi\u00eancias. Os eventos s\u00e3o impec\u00e1veis porque h\u00e1 um time incr\u00edvel e multidisciplinar, pessoas envolvidas e comprometidas com os resultados. Com 16 anos de experi\u00eancia apresentamos solu\u00e7\u00f5es customizadas, criativas e inovadoras, capazes de entender seus objetivos e expectativas e atender com dedica\u00e7\u00e3o e profissionalismo a cada caso (job). S\u00e3o mais de 500 clientes, com mais de 1000 hist\u00f3rias de sucesso para contar. Orgulhamos de tudo que constru\u00edmos junto com nossos clientes e parceiros, mas queremos continuar aprendendo e empreendendo muito mais. Queremos voc\u00ea tamb\u00e9m ao nosso lado, teremos orgulho em produzir seu evento, conceber novos projetos com voc\u00ea e gerar novos neg\u00f3cios juntos. Garantimos um trabalho com muita paix\u00e3o e coroado de \u00eaxitos. O compromisso \u00e9 IMPACTAR seus convidados e trazer solu\u00e7\u00f5es assertivas para seu neg\u00f3cio. Somos uma ag\u00eancia movida a desafios e boas energias e queremos surpreender voc\u00eas e conquistar seus consumidores. Convido voc\u00ea a conhecer a Usina para que juntos possamos pensar e criar estrat\u00e9gias de comunica\u00e7\u00e3o, marketing e eventos para sua marca. Aqui, eventos s\u00e3o chamados SUCESSO! Seu evento come\u00e7a aqui Clique aqui e converse com a gente","og_url":"https:\/\/usina360.com\/site\/o-grupo\/","og_site_name":"Usina 360","article_modified_time":"2024-07-23T14:55:00+00:00","og_image":[{"url":"https:\/\/usina360.com\/site\/wp-content\/uploads\/2024\/07\/circou-arrow.svg","type":"","width":"","height":""}],"twitter_card":"summary_large_image","twitter_misc":{"Tempo estimado de leitura":"2 minutos"},"schema":{"@context":"https:\/\/schema.org","@graph":[{"@type":"WebPage","@id":"https:\/\/usina360.com\/site\/o-grupo\/","url":"https:\/\/usina360.com\/site\/o-grupo\/","name":"O grupo - Usina 360","isPartOf":{"@id":"https:\/\/usina360.com\/site\/#website"},"primaryImageOfPage":{"@id":"https:\/\/usina360.com\/site\/o-grupo\/#primaryimage"},"image":{"@id":"https:\/\/usina360.com\/site\/o-grupo\/#primaryimage"},"thumbnailUrl":"https:\/\/usina360.com\/site\/wp-content\/uploads\/2024\/07\/circou-arrow.svg","datePublished":"2024-06-19T04:59:08+00:00","dateModified":"2024-07-23T14:55:00+00:00","breadcrumb":{"@id":"https:\/\/usina360.com\/site\/o-grupo\/#breadcrumb"},"inLanguage":"pt-PT","potentialAction":[{"@type":"ReadAction","target":["https:\/\/usina360.com\/site\/o-grupo\/"]}]},{"@type":"ImageObject","inLanguage":"pt-PT","@id":"https:\/\/usina360.com\/site\/o-grupo\/#primaryimage","url":"https:\/\/usina360.com\/site\/wp-content\/uploads\/2024\/07\/circou-arrow.svg","contentUrl":"https:\/\/usina360.com\/site\/wp-content\/uploads\/2024\/07\/circou-arrow.svg","width":73,"height":73},{"@type":"BreadcrumbList","@id":"https:\/\/usina360.com\/site\/o-grupo\/#breadcrumb","itemListElement":[{"@type":"ListItem","position":1,"name":"In\u00edcio","item":"https:\/\/usina360.com\/site\/"},{"@type":"ListItem","position":2,"name":"O grupo"}]},{"@type":"WebSite","@id":"https:\/\/usina360.com\/site\/#website","url":"https:\/\/usina360.com\/site\/","name":"Usina 360","description":"Usina 360 - Ideias em conex\u00e3o","potentialAction":[{"@type":"SearchAction","target":{"@type":"EntryPoint","urlTemplate":"https:\/\/usina360.com\/site\/?s={search_term_string}"},"query-input":{"@type":"PropertyValueSpecification","valueRequired":true,"valueName":"search_term_string"}}],"inLanguage":"pt-PT"}]}},"_links":{"self":[{"href":"https:\/\/usina360.com\/site\/wp-json\/wp\/v2\/pages\/1818","targetHints":{"allow":["GET"]}}],"collection":[{"href":"https:\/\/usina360.com\/site\/wp-json\/wp\/v2\/pages"}],"about":[{"href":"https:\/\/usina360.com\/site\/wp-json\/wp\/v2\/types\/page"}],"author":[{"embeddable":true,"href":"https:\/\/usina360.com\/site\/wp-json\/wp\/v2\/users\/3"}],"replies":[{"embeddable":true,"href":"https:\/\/usina360.com\/site\/wp-json\/wp\/v2\/comments?post=1818"}],"version-history":[{"count":26,"href":"https:\/\/usina360.com\/site\/wp-json\/wp\/v2\/pages\/1818\/revisions"}],"predecessor-version":[{"id":2991,"href":"https:\/\/usina360.com\/site\/wp-json\/wp\/v2\/pages\/1818\/revisions\/2991"}],"wp:attachment":[{"href":"https:\/\/usina360.com\/site\/wp-json\/wp\/v2\/media?parent=1818"}],"curies":[{"name":"wp","href":"https:\/\/api.w.org\/{rel}","templated":true}]}}